{"version":"1.0","provider_name":"Od\u015bnie\u017canie dach\u00f3w, Usuwanie \u015bniegu z dach\u00f3w,","provider_url":"https:\/\/renowacje.net.pl\/cs","title":"Pr\u00e1ce ve v\u00fd\u0161k\u00e1ch - pouze pro vybran\u00e9 - Od\u015bnie\u017canie dach\u00f3w, Usuwanie \u015bniegu z dach\u00f3w,","type":"rich","width":600,"height":338,"html":"<blockquote class=\"wp-embedded-content\" data-secret=\"5rqgy2km6z\"><a href=\"https:\/\/renowacje.net.pl\/cs\/informacja-prasowa\/prace-ve-vyskach-pouze-pro-vybrane\/\">Pr\u00e1ce ve v\u00fd\u0161k\u00e1ch &#8211; pouze pro vybran\u00e9<\/a><\/blockquote><iframe sandbox=\"allow-scripts\" security=\"restricted\" src=\"https:\/\/renowacje.net.pl\/cs\/informacja-prasowa\/prace-ve-vyskach-pouze-pro-vybrane\/embed\/#?secret=5rqgy2km6z\" width=\"600\" height=\"338\" title=\"&#8222;Pr\u00e1ce ve v\u00fd\u0161k\u00e1ch &#8211; pouze pro vybran\u00e9&#8220; &#8212; Od\u015bnie\u017canie dach\u00f3w, Usuwanie \u015bniegu z dach\u00f3w,\" data-secret=\"5rqgy2km6z\" frameborder=\"0\" marginwidth=\"0\" marginheight=\"0\" scrolling=\"no\" class=\"wp-embedded-content\"><\/iframe><script type=\"text\/javascript\">\n\/* <![CDATA[ *\/\n\/*! This file is auto-generated *\/\n!function(d,l){\"use strict\";l.querySelector&&d.addEventListener&&\"undefined\"!=typeof URL&&(d.wp=d.wp||{},d.wp.receiveEmbedMessage||(d.wp.receiveEmbedMessage=function(e){var t=e.data;if((t||t.secret||t.message||t.value)&&!\/[^a-zA-Z0-9]\/.test(t.secret)){for(var s,r,n,a=l.querySelectorAll('iframe[data-secret=\"'+t.secret+'\"]'),o=l.querySelectorAll('blockquote[data-secret=\"'+t.secret+'\"]'),c=new RegExp(\"^https?:$\",\"i\"),i=0;i<o.length;i++)o[i].style.display=\"none\";for(i=0;i<a.length;i++)s=a[i],e.source===s.contentWindow&&(s.removeAttribute(\"style\"),\"height\"===t.message?(1e3<(r=parseInt(t.value,10))?r=1e3:~~r<200&&(r=200),s.height=r):\"link\"===t.message&&(r=new URL(s.getAttribute(\"src\")),n=new URL(t.value),c.test(n.protocol))&&n.host===r.host&&l.activeElement===s&&(d.top.location.href=t.value))}},d.addEventListener(\"message\",d.wp.receiveEmbedMessage,!1),l.addEventListener(\"DOMContentLoaded\",function(){for(var e,t,s=l.querySelectorAll(\"iframe.wp-embedded-content\"),r=0;r<s.length;r++)(t=(e=s[r]).getAttribute(\"data-secret\"))||(t=Math.random().toString(36).substring(2,12),e.src+=\"#?secret=\"+t,e.setAttribute(\"data-secret\",t)),e.contentWindow.postMessage({message:\"ready\",secret:t},\"*\")},!1)))}(window,document);\n\/* ]]> *\/\n<\/script>\n","description":"Vzhledem ke specifick\u00fdm podm\u00ednk\u00e1m jsou horolezeck\u00e9 pr\u00e1ce klasifikov\u00e1ny jako zvl\u00e1\u0161t\u011b nebezpe\u010dn\u00e9. Prov\u00e1d\u011bn\u00ed \u00fakol\u016f na objektech s v\u00fd\u0161kou v\u011bt\u0161\u00ed ne\u017e 200 m znamen\u00e1, \u017ee se zam\u011bstnanci pot\u00fdkaj\u00ed jak s obt\u00ed\u017en\u00fdmi pov\u011btrnostn\u00edmi podm\u00ednkami na ho\u0159e, tak s prac\u00ed, kterou mus\u00ed perfektn\u011b vykon\u00e1vat. Zde nen\u00ed prostor pro chyby a ka\u017ed\u00e1 objedn\u00e1vka zam\u011bstn\u00e1v\u00e1 zku\u0161en\u00e9 lidi s odbornou kvalifikac\u00ed. Zku\u0161en\u00fd [&hellip;]"}

Odśnieżanie dachów, Usuwanie śniegu z dachów,

Práce ve výškách - pouze pro vybrané - Odśnieżanie dachów, Usuwanie śniegu z dachów,

<blockquote class="wp-embedded-content" data-secret="5rqgy2km6z"><a href="https://renowacje.net.pl/cs/informacja-prasowa/prace-ve-vyskach-pouze-pro-vybrane/">Práce ve výškách &#8211; pouze pro vybrané</a></blockquote><iframe sandbox="allow-scripts" security="restricted" src="https://renowacje.net.pl/cs/informacja-prasowa/prace-ve-vyskach-pouze-pro-vybrane/embed/#?secret=5rqgy2km6z" width="600" height="338" title="&#8222;Práce ve výškách &#8211; pouze pro vybrané&#8220; &#8212; Odśnieżanie dachów, Usuwanie śniegu z dachów," data-secret="5rqgy2km6z" frameborder="0" marginwidth="0" marginheight="0" scrolling="no" class="wp-embedded-content"></iframe><script type="text/javascript">
/* <![CDATA[ */
/*! This file is auto-generated */
!function(d,l){"use strict";l.querySelector&&d.addEventListener&&"undefined"!=typeof URL&&(d.wp=d.wp||{},d.wp.receiveEmbedMessage||(d.wp.receiveEmbedMessage=function(e){var t=e.data;if((t||t.secret||t.message||t.value)&&!/[^a-zA-Z0-9]/.test(t.secret)){for(var s,r,n,a=l.querySelectorAll('iframe[data-secret="'+t.secret+'"]'),o=l.querySelectorAll('blockquote[data-secret="'+t.secret+'"]'),c=new RegExp("^https?:$","i"),i=0;i<o.length;i++)o[i].style.display="none";for(i=0;i<a.length;i++)s=a[i],e.source===s.contentWindow&&(s.removeAttribute("style"),"height"===t.message?(1e3<(r=parseInt(t.value,10))?r=1e3:~~r<200&&(r=200),s.height=r):"link"===t.message&&(r=new URL(s.getAttribute("src")),n=new URL(t.value),c.test(n.protocol))&&n.host===r.host&&l.activeElement===s&&(d.top.location.href=t.value))}},d.addEventListener("message",d.wp.receiveEmbedMessage,!1),l.addEventListener("DOMContentLoaded",function(){for(var e,t,s=l.querySelectorAll("iframe.wp-embedded-content"),r=0;r<s.length;r++)(t=(e=s[r]).getAttribute("data-secret"))||(t=Math.random().toString(36).substring(2,12),e.src+="#?secret="+t,e.setAttribute("data-secret",t)),e.contentWindow.postMessage({message:"ready",secret:t},"*")},!1)))}(window,document);
/* ]]> */
</script>

Vzhledem ke specifickým podmínkám jsou horolezecké práce klasifikovány jako zvláště nebezpečné. Provádění úkolů na objektech s výškou větší než 200 m znamená, že se zaměstnanci potýkají jak s obtížnými povětrnostními podmínkami na hoře, tak s prací, kterou musí perfektně vykonávat. Zde není prostor pro chyby a každá objednávka zaměstnává zkušené lidi s odbornou kvalifikací. Zkušený [&hellip;]
